llions digit of 206074620?
0
What is the tens digit of 3311917526?
2
What is the thousands digit of 56032676?
2
What is the tens digit of 141992281?
8
What is the hundreds digit of 161310347?
3
What is the ten thousands digit of 5921857?
2
What is the units digit of 114484011?
1
What is the hundreds digit of 2735648879?
8
What is the ten thousands digit of 7624738?
2
What is the millions digit of 1450708651?
0
What is the ten millions digit of 11071698?
1
What is the hundreds digit of 35191135?
1
What is the hundred thousands digit of 283699253?
6
What is the hundreds digit of 360695286?
2
What is the hundred millions digit of 118327331?
1
What is the hundred thousands digit of 1156756384?
7
What is the tens digit of 62261214?
1
What is the ten millions digit of 146041741?
4
What is the tens digit of 130794171?
7
What is the hundred thousands digit of 326274123?
2
What is the billions digit of 8532807875?
8
What is the units digit of 46267314?
4
What is the tens digit of 103905136?
3
What is the hundred thousands digit of 1965694483?
6
What is the ten thousands digit of 100176506?
7
What is the ten millions digit of 3454552048?
5
What is the millions digit of 68421846?
8
What is the millions digit of 4564072580?
4
What is the millions digit of 46954509?
6
What is the billions digit of 2288216075?
2
What is the ten thousands digit of 37012937?
1
What is the millions digit of 157809387?
7
What is the ten millions digit of 4249951665?
4
What is the tens digit of 397041753?
5
What is the millions digit of 51015958?
1
What is the ten millions digit of 2144063275?
4
What is the units digit of 17021999?
9
What is the millions digit of 25954730?
5
What is the hundred thousands digit of 63850135?
8
What is the thousands digit of 387984417?
4
What is the units digit of 147038554?
4
What is the hundred thousands digit of 42675100?
6
What is the hundreds digit of 103300665?
6
What is the units digit of 514063527?
7
What is the ten millions digit of 1665262403?
6
What is the ten millions digit of 959180121?
5
What is the units digit of 53434616?
6
What is the hundred thousands digit of 1210660245?
6
What is the hundreds digit of 127593570?
5
What is the tens digit of 3792225398?
9
What is the thousands digit of 490247184?
7
What is the ten thousands digit of 2789992720?
9
What is the hundred millions digit of 253269548?
2
What is the thousands digit of 59970700?
0
What is the ten thousands digit of 271984507?
8
What is the ten millions digit of 71407086?
7
What is the ten thousands digit of 119216619?
1
What is the tens digit of 34812579?
7
What is the hundreds digit of 191431344?
3
What is the hundreds digit of 122481073?
0
What is the units digit of 409373464?
4
What is the tens digit of 1810320580?
8
What is the thousands digit of 5282177992?
7
What is the millions digit of 242346055?
2
What is the hundred thousands digit of 152571949?
5
What is the millions digit of 176103867?
6
What is the ten millions digit of 79199013?
7
What is the ten millions digit of 102569071?
0
What is the ten thousands digit of 5418739243?
3
What is the billions digit of 5582102917?
5
What is the ten millions digit of 989187031?
8
What is the ten thousands digit of 87120688?
2
What is the hundreds digit of 8556633?
6
What is the millions digit of 5458318932?
8
What is the ten millions digit of 801274002?
0
What is the ten thousands digit of 80417385?
1
What is the units digit of 157256611?
1
What is the hundred thousands digit of 362598906?
5
What is the millions digit of 3316642739?
6
What is the tens digit of 1682564675?
7
What is the billions digit of 1823575911?
1
What is the ten millions digit of 158379224?
5
What is the billions digit of 1962608531?
1
What is the ten thousands digit of 15189263?
8
What is the hundred thousands digit of 3798059322?
0
What is the millions digit of 3177067142?
7
What is the millions digit of 1365876?
1
What is the hundred thousands digit of 3865372295?
3
What is the tens digit of 359974875?
7
What is the hundred thousands digit of 1108937987?
9
What is the ten millions digit of 25175571?
2
What is the ten millions digit of 25019090?
2
What is the tens digit of 361002351?
5
What is the hundreds digit of 232722054?
0
What is the tens digit of 96098688?
8
What is the hundred millions digit of 4240599025?
2
What is the millions digit of 1280824609?
0
What is the hundred thousands digit of 47578793?
5
What is the hundred millions digit of 243463748?
2
What is the billions digit of 5378338187?
5
What is the hundreds digit of 344489845?
8
What is the hundreds digit of 93346135?
1
What is the hundreds digit of 49115495?
4
What is the ten millions digit of 2484188250?
8
What is the ten thousands digit of 894387074?
8
What is the units digit of 2998661555?
5
What is the hundred thousands digit of 624835456?
8
What is the thousands digit of 2425887318?
7
What is the units digit of 182259521?
1
What is the thousands digit of 67862244?
2
What is the thousands digit of 275177979?
7
What is the millions digit of 95857050?
5
What is the hundred thousands digit of 3021383638?
3
What is the billions digit of 1817802657?
1
What is the ten millions digit of 2037053427?
3
What is the units digit of 722669431?
1
What is the thousands digit of 68480119?
0
What is the ten thousands digit of 190414102?
1
What is the hundred millions digit of 4487011498?
4
What is the thousands digit of 181810987?
0
What is the thousands digit of 6747938911?
8
What is the millions digit of 2637528038?
7
What is the hundreds digit of 6367111410?
4
What is the millions digit of 51774703?
1
What is the tens digit of 23047675?
7
What is the thousands digit of 83042784?
2
What is the thousands digit of 370924383?
4
What is the millions digit of 6270169112?
0
What is the hundreds digit of 13218095?
0
What is the billions digit of 2121334536?
2
What is the millions digit of 3855721534?
5
What is the hundred thousands digit of 5632614527?
6
What is the hundreds digit of 455051695?
6
What is the tens digit of 2126016548?
4
What is the hundred millions digit of 510689322?
5
What is the tens digit of 2035579?
7
What is the ten thousands digit of 132245466?
4
What is the millions digit of 37837626?
7
What is the hundred thousands digit of 8337039698?
0
What is the hundreds digit of 500206061?
0
What is the ten millions digit of 1962476849?
6
What is the hundred millions digit of 5640077730?
6
What is the millions digit of 48335596?
8
What is the hundred millions digit of 215828572?
2
What is the ten thousands digit of 656923740?
2
What is the millions digit of 62067835?
2
What is the ten millions digit of 513619737?
1
What is the units digit of 28631603?
3
What is the hundreds digit of 3564195072?
0
What is the hundred thousands digit of 21670754?
6
What is the hundreds digit of 111937929?
9
What is the hundreds digit of 2036377235?
2
What is the hundred thousands digit of 2251225?
2
What is the units digit of 766439054?
4
What is the hundred thousands digit of 56686116?
6
What is the tens digit of 3324033550?
5
What is the ten thousands digit of 937734805?
3
What is the ten thousands digit of 248376232?
7
What is the hundreds digit of 1150806027?
0
What is the hundred thousands digit of 98203766?
2
What is the ten millions digit of 7550631923?
5
What is the billions digit of 1344995142?
1
What is the thousands digit of 106980505?
0
What is the hundreds digit of 347594300?
3
What is the thousands digit of 118560307?
0
What is the millions digit of 723558780?
3
What is the billions digit of 2308187644?
2
What is the hundreds digit of 1554158142?
1
What is the millions digit of 262312225?
2
What is the tens digit of 63498409?
0
What is the millions digit of 87063997?
7
What is the ten millions digit of 763552617?
6
What is the hundred thousands digit of 544556122?
5
What is the thousands digit of 47392452?
2
What is the tens digit of 387401814?
1
What is the ten thousands digit of 1097994517?
9
What is the tens digit of 21599283?
8
What is the ten millions digit of 172881685?
7
What is the millions digit of 1890656887?
0
What is the thousands digit of 139309500?
9
What is the ten thousands digit of 2840524984?
2
What is the ten millions digit of 543538639?
4
What is the ten thousands digit 